{"id":113,"date":"2020-02-29T22:41:16","date_gmt":"2020-02-29T21:41:16","guid":{"rendered":"http:\/\/sandrineclark.be\/?page_id=113"},"modified":"2023-10-15T16:32:35","modified_gmt":"2023-10-15T14:32:35","slug":"ladoptee","status":"publish","type":"page","link":"https:\/\/sandrineclark.be\/index.php\/ladoptee\/","title":{"rendered":"L&rsquo;Adopt\u00e9e"},"content":{"rendered":"\n<p class=\"has-text-align-center\">Spectacle tout public \u00e0 partir de 7 ans<\/p>\n\n\n\n<div class=\"wp-block-image is-style-circle-mask\"><figure class=\"aligncenter size-large\"><img loading=\"lazy\" width=\"768\" height=\"1024\" src=\"http:\/\/sandrineclark.be\/wp-content\/uploads\/2020\/02\/adoptee-119-768x1024.jpg\" alt=\"\" class=\"wp-image-74\" srcset=\"https:\/\/sandrineclark.be\/wp-content\/uploads\/2020\/02\/adoptee-119-768x1024.jpg 768w, https:\/\/sandrineclark.be\/wp-content\/uploads\/2020\/02\/adoptee-119-225x300.jpg 225w, https:\/\/sandrineclark.be\/wp-content\/uploads\/2020\/02\/adoptee-119-1152x1536.jpg 1152w, https:\/\/sandrineclark.be\/wp-content\/uploads\/2020\/02\/adoptee-119-1536x2048.jpg 1536w, https:\/\/sandrineclark.be\/wp-content\/uploads\/2020\/02\/adoptee-119-1200x1600.jpg 1200w, https:\/\/sandrineclark.be\/wp-content\/uploads\/2020\/02\/adoptee-119-1980x2640.jpg 1980w, https:\/\/sandrineclark.be\/wp-content\/uploads\/2020\/02\/adoptee-119-scaled.jpg 1920w\" sizes=\"(max-width: 768px) 100vw, 768px\" \/><\/figure><\/div>\n\n\n\n<figure class=\"wp-block-gallery columns-3 is-cropped\"><ul class=\"blocks-gallery-grid\"><li class=\"blocks-gallery-item\"><figure><img loading=\"lazy\" width=\"1024\" height=\"768\" src=\"http:\/\/sandrineclark.be\/wp-content\/uploads\/2020\/02\/adoptee-15-1024x768.jpg\" alt=\"\" data-id=\"114\" data-link=\"http:\/\/sandrineclark.be\/?attachment_id=114\" class=\"wp-image-114\" srcset=\"https:\/\/sandrineclark.be\/wp-content\/uploads\/2020\/02\/adoptee-15-1024x768.jpg 1024w, https:\/\/sandrineclark.be\/wp-content\/uploads\/2020\/02\/adoptee-15-300x225.jpg 300w, https:\/\/sandrineclark.be\/wp-content\/uploads\/2020\/02\/adoptee-15-768x576.jpg 768w, https:\/\/sandrineclark.be\/wp-content\/uploads\/2020\/02\/adoptee-15-1536x1152.jpg 1536w, https:\/\/sandrineclark.be\/wp-content\/uploads\/2020\/02\/adoptee-15-2048x1536.jpg 2048w, https:\/\/sandrineclark.be\/wp-content\/uploads\/2020\/02\/adoptee-15-1200x900.jpg 1200w, https:\/\/sandrineclark.be\/wp-content\/uploads\/2020\/02\/adoptee-15-1980x1485.jpg 1980w\" sizes=\"(max-width: 1024px) 100vw, 1024px\" \/><\/figure><\/li><li class=\"blocks-gallery-item\"><figure><img loading=\"lazy\" width=\"768\" height=\"1024\" src=\"http:\/\/sandrineclark.be\/wp-content\/uploads\/2020\/02\/adoptee-23-768x1024.jpg\" alt=\"\" data-id=\"115\" data-link=\"http:\/\/sandrineclark.be\/?attachment_id=115\" class=\"wp-image-115\" srcset=\"https:\/\/sandrineclark.be\/wp-content\/uploads\/2020\/02\/adoptee-23-768x1024.jpg 768w, https:\/\/sandrineclark.be\/wp-content\/uploads\/2020\/02\/adoptee-23-225x300.jpg 225w, https:\/\/sandrineclark.be\/wp-content\/uploads\/2020\/02\/adoptee-23-1152x1536.jpg 1152w, https:\/\/sandrineclark.be\/wp-content\/uploads\/2020\/02\/adoptee-23-1536x2048.jpg 1536w, https:\/\/sandrineclark.be\/wp-content\/uploads\/2020\/02\/adoptee-23-1200x1600.jpg 1200w, https:\/\/sandrineclark.be\/wp-content\/uploads\/2020\/02\/adoptee-23-1980x2640.jpg 1980w, https:\/\/sandrineclark.be\/wp-content\/uploads\/2020\/02\/adoptee-23-scaled.jpg 1920w\" sizes=\"(max-width: 768px) 100vw, 768px\" \/><\/figure><\/li><li class=\"blocks-gallery-item\"><figure><img loading=\"lazy\" width=\"1024\" height=\"768\" src=\"http:\/\/sandrineclark.be\/wp-content\/uploads\/2020\/02\/adoptee-28-1024x768.jpg\" alt=\"\" data-id=\"116\" data-link=\"http:\/\/sandrineclark.be\/?attachment_id=116\" class=\"wp-image-116\" srcset=\"https:\/\/sandrineclark.be\/wp-content\/uploads\/2020\/02\/adoptee-28-1024x768.jpg 1024w, https:\/\/sandrineclark.be\/wp-content\/uploads\/2020\/02\/adoptee-28-300x225.jpg 300w, https:\/\/sandrineclark.be\/wp-content\/uploads\/2020\/02\/adoptee-28-768x576.jpg 768w, https:\/\/sandrineclark.be\/wp-content\/uploads\/2020\/02\/adoptee-28-1536x1152.jpg 1536w, https:\/\/sandrineclark.be\/wp-content\/uploads\/2020\/02\/adoptee-28-2048x1536.jpg 2048w, https:\/\/sandrineclark.be\/wp-content\/uploads\/2020\/02\/adoptee-28-1200x900.jpg 1200w, https:\/\/sandrineclark.be\/wp-content\/uploads\/2020\/02\/adoptee-28-1980x1485.jpg 1980w\" sizes=\"(max-width: 1024px) 100vw, 1024px\" \/><\/figure><\/li><li class=\"blocks-gallery-item\"><figure><img loading=\"lazy\" width=\"1024\" height=\"768\" src=\"http:\/\/sandrineclark.be\/wp-content\/uploads\/2020\/02\/adoptee-63-1024x768.jpg\" alt=\"\" data-id=\"118\" data-link=\"http:\/\/sandrineclark.be\/?attachment_id=118\" class=\"wp-image-118\" srcset=\"https:\/\/sandrineclark.be\/wp-content\/uploads\/2020\/02\/adoptee-63-1024x768.jpg 1024w, https:\/\/sandrineclark.be\/wp-content\/uploads\/2020\/02\/adoptee-63-300x225.jpg 300w, https:\/\/sandrineclark.be\/wp-content\/uploads\/2020\/02\/adoptee-63-768x576.jpg 768w, https:\/\/sandrineclark.be\/wp-content\/uploads\/2020\/02\/adoptee-63-1536x1152.jpg 1536w, https:\/\/sandrineclark.be\/wp-content\/uploads\/2020\/02\/adoptee-63-2048x1536.jpg 2048w, https:\/\/sandrineclark.be\/wp-content\/uploads\/2020\/02\/adoptee-63-1200x900.jpg 1200w, https:\/\/sandrineclark.be\/wp-content\/uploads\/2020\/02\/adoptee-63-1980x1485.jpg 1980w\" sizes=\"(max-width: 1024px) 100vw, 1024px\" \/><\/figure><\/li><li class=\"blocks-gallery-item\"><figure><img loading=\"lazy\" width=\"1024\" height=\"768\" src=\"http:\/\/sandrineclark.be\/wp-content\/uploads\/2020\/02\/adoptee-48-1024x768.jpg\" alt=\"\" data-id=\"117\" data-link=\"http:\/\/sandrineclark.be\/?attachment_id=117\" class=\"wp-image-117\" srcset=\"https:\/\/sandrineclark.be\/wp-content\/uploads\/2020\/02\/adoptee-48-1024x768.jpg 1024w, https:\/\/sandrineclark.be\/wp-content\/uploads\/2020\/02\/adoptee-48-300x225.jpg 300w, https:\/\/sandrineclark.be\/wp-content\/uploads\/2020\/02\/adoptee-48-768x576.jpg 768w, https:\/\/sandrineclark.be\/wp-content\/uploads\/2020\/02\/adoptee-48-1536x1152.jpg 1536w, https:\/\/sandrineclark.be\/wp-content\/uploads\/2020\/02\/adoptee-48-2048x1536.jpg 2048w, https:\/\/sandrineclark.be\/wp-content\/uploads\/2020\/02\/adoptee-48-1200x900.jpg 1200w, https:\/\/sandrineclark.be\/wp-content\/uploads\/2020\/02\/adoptee-48-1980x1485.jpg 1980w\" sizes=\"(max-width: 1024px) 100vw, 1024px\" \/><\/figure><\/li><li class=\"blocks-gallery-item\"><figure><img loading=\"lazy\" width=\"1024\" height=\"768\" src=\"http:\/\/sandrineclark.be\/wp-content\/uploads\/2020\/02\/adoptee-69-1024x768.jpg\" alt=\"\" data-id=\"119\" data-link=\"http:\/\/sandrineclark.be\/?attachment_id=119\" class=\"wp-image-119\" srcset=\"https:\/\/sandrineclark.be\/wp-content\/uploads\/2020\/02\/adoptee-69-1024x768.jpg 1024w, https:\/\/sandrineclark.be\/wp-content\/uploads\/2020\/02\/adoptee-69-300x225.jpg 300w, https:\/\/sandrineclark.be\/wp-content\/uploads\/2020\/02\/adoptee-69-768x576.jpg 768w, https:\/\/sandrineclark.be\/wp-content\/uploads\/2020\/02\/adoptee-69-1536x1152.jpg 1536w, https:\/\/sandrineclark.be\/wp-content\/uploads\/2020\/02\/adoptee-69-2048x1536.jpg 2048w, https:\/\/sandrineclark.be\/wp-content\/uploads\/2020\/02\/adoptee-69-1200x900.jpg 1200w, https:\/\/sandrineclark.be\/wp-content\/uploads\/2020\/02\/adoptee-69-1980x1485.jpg 1980w\" sizes=\"(max-width: 1024px) 100vw, 1024px\" \/><\/figure><\/li><li class=\"blocks-gallery-item\"><figure><img loading=\"lazy\" width=\"1024\" height=\"768\" src=\"http:\/\/sandrineclark.be\/wp-content\/uploads\/2020\/02\/adoptee-78-1024x768.jpg\" alt=\"\" data-id=\"120\" data-link=\"http:\/\/sandrineclark.be\/?attachment_id=120\" class=\"wp-image-120\" srcset=\"https:\/\/sandrineclark.be\/wp-content\/uploads\/2020\/02\/adoptee-78-1024x768.jpg 1024w, https:\/\/sandrineclark.be\/wp-content\/uploads\/2020\/02\/adoptee-78-300x225.jpg 300w, https:\/\/sandrineclark.be\/wp-content\/uploads\/2020\/02\/adoptee-78-768x576.jpg 768w, https:\/\/sandrineclark.be\/wp-content\/uploads\/2020\/02\/adoptee-78-1536x1152.jpg 1536w, https:\/\/sandrineclark.be\/wp-content\/uploads\/2020\/02\/adoptee-78-2048x1536.jpg 2048w, https:\/\/sandrineclark.be\/wp-content\/uploads\/2020\/02\/adoptee-78-1200x900.jpg 1200w, https:\/\/sandrineclark.be\/wp-content\/uploads\/2020\/02\/adoptee-78-1980x1485.jpg 1980w\" sizes=\"(max-width: 1024px) 100vw, 1024px\" \/><\/figure><\/li><li class=\"blocks-gallery-item\"><figure><img loading=\"lazy\" width=\"1024\" height=\"768\" src=\"http:\/\/sandrineclark.be\/wp-content\/uploads\/2020\/02\/adoptee-116-1024x768.jpg\" alt=\"\" data-id=\"121\" data-link=\"http:\/\/sandrineclark.be\/?attachment_id=121\" class=\"wp-image-121\" srcset=\"https:\/\/sandrineclark.be\/wp-content\/uploads\/2020\/02\/adoptee-116-1024x768.jpg 1024w, https:\/\/sandrineclark.be\/wp-content\/uploads\/2020\/02\/adoptee-116-300x225.jpg 300w, https:\/\/sandrineclark.be\/wp-content\/uploads\/2020\/02\/adoptee-116-768x576.jpg 768w, https:\/\/sandrineclark.be\/wp-content\/uploads\/2020\/02\/adoptee-116-1536x1152.jpg 1536w, https:\/\/sandrineclark.be\/wp-content\/uploads\/2020\/02\/adoptee-116-2048x1536.jpg 2048w, https:\/\/sandrineclark.be\/wp-content\/uploads\/2020\/02\/adoptee-116-1200x900.jpg 1200w, https:\/\/sandrineclark.be\/wp-content\/uploads\/2020\/02\/adoptee-116-1980x1485.jpg 1980w\" sizes=\"(max-width: 1024px) 100vw, 1024px\" \/><\/figure><\/li><li class=\"blocks-gallery-item\"><figure><img loading=\"lazy\" width=\"768\" height=\"1024\" src=\"http:\/\/sandrineclark.be\/wp-content\/uploads\/2020\/02\/adoptee-145-768x1024.jpg\" alt=\"\" data-id=\"122\" data-full-url=\"http:\/\/sandrineclark.be\/wp-content\/uploads\/2020\/02\/adoptee-145-scaled.jpg\" data-link=\"http:\/\/sandrineclark.be\/?attachment_id=122\" class=\"wp-image-122\" srcset=\"https:\/\/sandrineclark.be\/wp-content\/uploads\/2020\/02\/adoptee-145-768x1024.jpg 768w, https:\/\/sandrineclark.be\/wp-content\/uploads\/2020\/02\/adoptee-145-225x300.jpg 225w, https:\/\/sandrineclark.be\/wp-content\/uploads\/2020\/02\/adoptee-145-1152x1536.jpg 1152w, https:\/\/sandrineclark.be\/wp-content\/uploads\/2020\/02\/adoptee-145-1536x2048.jpg 1536w, https:\/\/sandrineclark.be\/wp-content\/uploads\/2020\/02\/adoptee-145-1200x1600.jpg 1200w, https:\/\/sandrineclark.be\/wp-content\/uploads\/2020\/02\/adoptee-145-1980x2640.jpg 1980w, https:\/\/sandrineclark.be\/wp-content\/uploads\/2020\/02\/adoptee-145-scaled.jpg 1920w\" sizes=\"(max-width: 768px) 100vw, 768px\" \/><\/figure><\/li><\/ul><\/figure>\n\n\n\n<div style=\"height:20px\" aria-hidden=\"true\" class=\"wp-block-spacer\"><\/div>\n\n\n\n<p class=\"has-text-align-center has-text-color has-large-font-size\" style=\"color:#15415b\"><strong>Cr\u00e9ation par la Compagnie Sequenza en ao\u00fbt 2008<\/strong><\/p>\n\n\n\n<div style=\"height:20px\" aria-hidden=\"true\" class=\"wp-block-spacer\"><\/div>\n\n\n\n<p class=\"has-text-align-right\">\u00ab\u00a0<em>Un jour,<br>un gamin,<br>un \u00e9tranger,<br>un sans-famille d\u00e9barque chez Procolp, une vieille paysanne acari\u00e2tre.<br>Il a faim, il a soif, il cherche un abri.<br>Elle n\u2019aime pas les enfants, elle n\u2019aime pas les \u00e9trangers.<br>Sous l\u2019\u0153il amus\u00e9 de la voisine, elle fera tout pour se d\u00e9barrasser de lui.<br>Il s\u2019incruste pourtant chez elle.<br>Elle s\u2019en accommodera et l\u2019utilisera pour faire toutes ses corv\u00e9es, tout en le malmenant.<br>Un matin, il dispara\u00eet. Elle part \u00e0 sa recherche<\/em><\/p>\n\n\n\n<p class=\"has-text-align-right\"><em>L\u2019histoire d\u00e9crit une rencontre qui se construit et construit. Peu \u00e0 peu, les pr\u00e9jug\u00e9s qui les emp\u00eachaient de se rapprocher c\u00e8dent la place \u00e0 la curiosit\u00e9 de l\u2019autre, avec ses diff\u00e9rences. C\u2019est l\u2019histoire d\u2019un enfant \u00e9gar\u00e9 qui change un personnage de pierre en chair. Une histoire pour interroger inlassablement les murs que nous dressons et d\u00e9faisons.<\/em>\u00ab\u00a0<\/p>\n\n\n\n<div style=\"height:20px\" aria-hidden=\"true\" class=\"wp-block-spacer\"><\/div>\n\n\n\n<p>Texte: <strong>Jo\u00ebl Jouanneau<\/strong><\/p>\n\n\n\n<p>Mise en sc\u00e8ne: <strong>Loris Lib\u00e9rale<\/strong> avec la collaboration artistique de <strong>Nathalie Dassonville<\/strong><\/p>\n\n\n\n<p>Interpr\u00e9tation: <strong>Emmanuelle Bonmariage, Nicole Duret, D\u00e9borah Rouach, Loris Liberale<\/strong><\/p>\n\n\n\n<p>Sc\u00e9nographie: <strong>Sandrine Clark<\/strong><\/p>\n\n\n\n<p>Cr\u00e9ation lumi\u00e8re: <strong>Michel Delvigne<\/strong><\/p>\n\n\n\n<p class=\"has-text-align-right\"><a href=\"https:\/\/sequenzacie.wixsite.com\/spectacle\">https:\/\/sequenzacie.wixsite.com\/spectacle<\/a><\/p>\n","protected":false},"excerpt":{"rendered":"<p>Spectacle tout public \u00e0 partir de 7 ans Cr\u00e9ation par la Compagnie Sequenza en ao\u00fbt 2008 \u00ab\u00a0Un jour,un gamin,un \u00e9tranger,un sans-famille d\u00e9barque chez Procolp, une vieille paysanne acari\u00e2tre.Il a faim, il a soif, il cherche un abri.Elle n\u2019aime pas les enfants, elle n\u2019aime pas les \u00e9trangers.Sous l\u2019\u0153il amus\u00e9 de la voisine, elle fera tout pour [&hellip;]<\/p>\n","protected":false},"author":1,"featured_media":0,"parent":0,"menu_order":0,"comment_status":"closed","ping_status":"closed","template":"","meta":{"_coblocks_attr":"","_coblocks_dimensions":"","_coblocks_responsive_height":"","_coblocks_accordion_ie_support":"","spay_email":""},"_links":{"self":[{"href":"https:\/\/sandrineclark.be\/index.php\/wp-json\/wp\/v2\/pages\/113"}],"collection":[{"href":"https:\/\/sandrineclark.be\/index.php\/wp-json\/wp\/v2\/pages"}],"about":[{"href":"https:\/\/sandrineclark.be\/index.php\/wp-json\/wp\/v2\/types\/page"}],"author":[{"embeddable":true,"href":"https:\/\/sandrineclark.be\/index.php\/wp-json\/wp\/v2\/users\/1"}],"replies":[{"embeddable":true,"href":"https:\/\/sandrineclark.be\/index.php\/wp-json\/wp\/v2\/comments?post=113"}],"version-history":[{"count":4,"href":"https:\/\/sandrineclark.be\/index.php\/wp-json\/wp\/v2\/pages\/113\/revisions"}],"predecessor-version":[{"id":521,"href":"https:\/\/sandrineclark.be\/index.php\/wp-json\/wp\/v2\/pages\/113\/revisions\/521"}],"wp:attachment":[{"href":"https:\/\/sandrineclark.be\/index.php\/wp-json\/wp\/v2\/media?parent=113"}],"curies":[{"name":"wp","href":"https:\/\/api.w.org\/{rel}","templated":true}]}}