{"id":270,"date":"2020-03-06T18:14:41","date_gmt":"2020-03-06T17:14:41","guid":{"rendered":"http:\/\/sandrineclark.be\/?page_id=270"},"modified":"2020-03-06T18:14:41","modified_gmt":"2020-03-06T17:14:41","slug":"les-petits-orteils","status":"publish","type":"page","link":"https:\/\/sandrineclark.be\/index.php\/les-petits-orteils\/","title":{"rendered":"Les Petits Orteils"},"content":{"rendered":"\n<p class=\"has-text-align-center\">Spectacle pour tous \u00e0 partir de 4 ans<\/p>\n\n\n\n<figure class=\"wp-block-image size-large is-style-circle-mask\"><img loading=\"lazy\" width=\"1024\" height=\"682\" src=\"http:\/\/sandrineclark.be\/wp-content\/uploads\/2020\/03\/Orteil_06-1024x682.jpg\" alt=\"\" class=\"wp-image-271\" srcset=\"https:\/\/sandrineclark.be\/wp-content\/uploads\/2020\/03\/Orteil_06-1024x682.jpg 1024w, https:\/\/sandrineclark.be\/wp-content\/uploads\/2020\/03\/Orteil_06-300x200.jpg 300w, https:\/\/sandrineclark.be\/wp-content\/uploads\/2020\/03\/Orteil_06-768x512.jpg 768w, https:\/\/sandrineclark.be\/wp-content\/uploads\/2020\/03\/Orteil_06-1536x1024.jpg 1536w, https:\/\/sandrineclark.be\/wp-content\/uploads\/2020\/03\/Orteil_06-1200x800.jpg 1200w, https:\/\/sandrineclark.be\/wp-content\/uploads\/2020\/03\/Orteil_06-1980x1320.jpg 1980w, https:\/\/sandrineclark.be\/wp-content\/uploads\/2020\/03\/Orteil_06.jpg 2000w\" sizes=\"(max-width: 1024px) 100vw, 1024px\" \/><\/figure>\n\n\n\n<figure class=\"wp-block-gallery columns-3 is-cropped\"><ul class=\"blocks-gallery-grid\"><li class=\"blocks-gallery-item\"><figure><img loading=\"lazy\" width=\"1024\" height=\"682\" src=\"http:\/\/sandrineclark.be\/wp-content\/uploads\/2020\/03\/Orteil_05-1024x682.jpg\" alt=\"\" data-id=\"272\" data-link=\"http:\/\/sandrineclark.be\/?attachment_id=272\" class=\"wp-image-272\" srcset=\"https:\/\/sandrineclark.be\/wp-content\/uploads\/2020\/03\/Orteil_05-1024x682.jpg 1024w, https:\/\/sandrineclark.be\/wp-content\/uploads\/2020\/03\/Orteil_05-300x200.jpg 300w, https:\/\/sandrineclark.be\/wp-content\/uploads\/2020\/03\/Orteil_05-768x512.jpg 768w, https:\/\/sandrineclark.be\/wp-content\/uploads\/2020\/03\/Orteil_05-1536x1024.jpg 1536w, https:\/\/sandrineclark.be\/wp-content\/uploads\/2020\/03\/Orteil_05-1200x800.jpg 1200w, https:\/\/sandrineclark.be\/wp-content\/uploads\/2020\/03\/Orteil_05-1980x1320.jpg 1980w, https:\/\/sandrineclark.be\/wp-content\/uploads\/2020\/03\/Orteil_05.jpg 2000w\" sizes=\"(max-width: 1024px) 100vw, 1024px\" \/><\/figure><\/li><li class=\"blocks-gallery-item\"><figure><img loading=\"lazy\" width=\"742\" height=\"584\" src=\"http:\/\/sandrineclark.be\/wp-content\/uploads\/2020\/03\/Orteil_03.jpg\" alt=\"\" data-id=\"273\" data-link=\"http:\/\/sandrineclark.be\/?attachment_id=273\" class=\"wp-image-273\" srcset=\"https:\/\/sandrineclark.be\/wp-content\/uploads\/2020\/03\/Orteil_03.jpg 742w, https:\/\/sandrineclark.be\/wp-content\/uploads\/2020\/03\/Orteil_03-300x236.jpg 300w\" sizes=\"(max-width: 742px) 100vw, 742px\" \/><\/figure><\/li><li class=\"blocks-gallery-item\"><figure><img loading=\"lazy\" width=\"1024\" height=\"682\" src=\"http:\/\/sandrineclark.be\/wp-content\/uploads\/2020\/03\/Orteil_01-1024x682.jpg\" alt=\"\" data-id=\"274\" data-link=\"http:\/\/sandrineclark.be\/?attachment_id=274\" class=\"wp-image-274\" srcset=\"https:\/\/sandrineclark.be\/wp-content\/uploads\/2020\/03\/Orteil_01-1024x682.jpg 1024w, https:\/\/sandrineclark.be\/wp-content\/uploads\/2020\/03\/Orteil_01-300x200.jpg 300w, https:\/\/sandrineclark.be\/wp-content\/uploads\/2020\/03\/Orteil_01-768x512.jpg 768w, https:\/\/sandrineclark.be\/wp-content\/uploads\/2020\/03\/Orteil_01-1536x1024.jpg 1536w, https:\/\/sandrineclark.be\/wp-content\/uploads\/2020\/03\/Orteil_01-1200x800.jpg 1200w, https:\/\/sandrineclark.be\/wp-content\/uploads\/2020\/03\/Orteil_01-1980x1320.jpg 1980w, https:\/\/sandrineclark.be\/wp-content\/uploads\/2020\/03\/Orteil_01.jpg 2000w\" sizes=\"(max-width: 1024px) 100vw, 1024px\" \/><\/figure><\/li><li class=\"blocks-gallery-item\"><figure><img loading=\"lazy\" width=\"1024\" height=\"682\" src=\"http:\/\/sandrineclark.be\/wp-content\/uploads\/2020\/03\/Orteil_04-1024x682.jpg\" alt=\"\" data-id=\"276\" data-link=\"http:\/\/sandrineclark.be\/?attachment_id=276\" class=\"wp-image-276\" srcset=\"https:\/\/sandrineclark.be\/wp-content\/uploads\/2020\/03\/Orteil_04-1024x682.jpg 1024w, https:\/\/sandrineclark.be\/wp-content\/uploads\/2020\/03\/Orteil_04-300x200.jpg 300w, https:\/\/sandrineclark.be\/wp-content\/uploads\/2020\/03\/Orteil_04-768x512.jpg 768w, https:\/\/sandrineclark.be\/wp-content\/uploads\/2020\/03\/Orteil_04-1536x1024.jpg 1536w, https:\/\/sandrineclark.be\/wp-content\/uploads\/2020\/03\/Orteil_04-1200x800.jpg 1200w, https:\/\/sandrineclark.be\/wp-content\/uploads\/2020\/03\/Orteil_04-1980x1320.jpg 1980w, https:\/\/sandrineclark.be\/wp-content\/uploads\/2020\/03\/Orteil_04.jpg 2000w\" sizes=\"(max-width: 1024px) 100vw, 1024px\" \/><\/figure><\/li><li class=\"blocks-gallery-item\"><figure><img loading=\"lazy\" width=\"1024\" height=\"682\" src=\"http:\/\/sandrineclark.be\/wp-content\/uploads\/2020\/03\/Orteil_08-1024x682.jpg\" alt=\"\" data-id=\"277\" data-link=\"http:\/\/sandrineclark.be\/?attachment_id=277\" class=\"wp-image-277\" srcset=\"https:\/\/sandrineclark.be\/wp-content\/uploads\/2020\/03\/Orteil_08-1024x682.jpg 1024w, https:\/\/sandrineclark.be\/wp-content\/uploads\/2020\/03\/Orteil_08-300x200.jpg 300w, https:\/\/sandrineclark.be\/wp-content\/uploads\/2020\/03\/Orteil_08-768x512.jpg 768w, https:\/\/sandrineclark.be\/wp-content\/uploads\/2020\/03\/Orteil_08-1536x1024.jpg 1536w, https:\/\/sandrineclark.be\/wp-content\/uploads\/2020\/03\/Orteil_08-1200x800.jpg 1200w, https:\/\/sandrineclark.be\/wp-content\/uploads\/2020\/03\/Orteil_08-1980x1320.jpg 1980w, https:\/\/sandrineclark.be\/wp-content\/uploads\/2020\/03\/Orteil_08.jpg 2000w\" sizes=\"(max-width: 1024px) 100vw, 1024px\" \/><\/figure><\/li><li class=\"blocks-gallery-item\"><figure><img loading=\"lazy\" width=\"1024\" height=\"682\" src=\"http:\/\/sandrineclark.be\/wp-content\/uploads\/2020\/03\/Orteil_07-1024x682.jpg\" alt=\"\" data-id=\"278\" data-full-url=\"http:\/\/sandrineclark.be\/wp-content\/uploads\/2020\/03\/Orteil_07.jpg\" data-link=\"http:\/\/sandrineclark.be\/?attachment_id=278\" class=\"wp-image-278\" srcset=\"https:\/\/sandrineclark.be\/wp-content\/uploads\/2020\/03\/Orteil_07-1024x682.jpg 1024w, https:\/\/sandrineclark.be\/wp-content\/uploads\/2020\/03\/Orteil_07-300x200.jpg 300w, https:\/\/sandrineclark.be\/wp-content\/uploads\/2020\/03\/Orteil_07-768x512.jpg 768w, https:\/\/sandrineclark.be\/wp-content\/uploads\/2020\/03\/Orteil_07-1536x1024.jpg 1536w, https:\/\/sandrineclark.be\/wp-content\/uploads\/2020\/03\/Orteil_07-1200x800.jpg 1200w, https:\/\/sandrineclark.be\/wp-content\/uploads\/2020\/03\/Orteil_07-1980x1320.jpg 1980w, https:\/\/sandrineclark.be\/wp-content\/uploads\/2020\/03\/Orteil_07.jpg 2000w\" sizes=\"(max-width: 1024px) 100vw, 1024px\" \/><\/figure><\/li><\/ul><\/figure>\n\n\n\n<p style=\"color:#0d4861\" class=\"has-text-color has-text-align-center has-large-font-size\"><strong>Cr\u00e9ation de l&rsquo;Anneau Th\u00e9\u00e2tre en 2005<\/strong><\/p>\n\n\n\n<p class=\"has-text-align-right\">\u00ab\u00a0<em>La petite Jeanne attend avec impatience le  retour de Papa et Maman. Ceux-ci vont lui ramener une surprise qui a de  tout petits petits orteils\u2026! Gard\u00e9e par son Grand-Papa, Jeanne fait  avec lui un voyage dans le temps \u00e0 travers lequel elle d\u00e9couvre que tous  les gens qu\u2019elle conna\u00eet ont aussi \u00e9t\u00e9 des b\u00e9b\u00e9s, tout comme celui qui  se fait tant attendre\u2026<\/em>\u00ab\u00a0<\/p>\n\n\n\n<p>Texte: <strong>Louis-Dominique Lavigne<\/strong><\/p>\n\n\n\n<p>Mise en sc\u00e8ne: <strong>Ariane Buhbinder<\/strong><\/p>\n\n\n\n<p>Interpr\u00e9tation\u00a0: <strong>Tatiana Bielyszew et Yannick Gu\u00e9gan<\/strong><\/p>\n\n\n\n<p>Sc\u00e9nographie\u00a0: <strong>Sandrine Clark<\/strong> avec l\u2019aide de <strong>Christine Flasschoen<\/strong> et <strong>Christel Van Weyemberg<\/strong><\/p>\n\n\n\n<p>Eclairage : <strong>Richard Joukovsky<\/strong><\/p>\n\n\n\n<p>Conception sonore : <strong>Ariane Buhbinder<\/strong> et <strong>Thierry Rombaux<\/strong><\/p>\n\n\n\n<div style=\"height:20px\" aria-hidden=\"true\" class=\"wp-block-spacer\"><\/div>\n\n\n\n<p><strong>Mention sp\u00e9ciale du jury \u00e0 Huy 2005<\/strong> pour \u201cle bain de tendresse offert aux petits\u201d<\/p>\n\n\n\n<div style=\"height:20px\" aria-hidden=\"true\" class=\"wp-block-spacer\"><\/div>\n\n\n\n<p class=\"has-text-align-right\"><a href=\"http:\/\/anneauthth.cluster021.hosting.ovh.net\/project\/les-petits-orteils\/\">http:\/\/anneauthth.cluster021.hosting.ovh.net\/project\/les-petits-orteils\/<\/a><\/p>\n","protected":false},"excerpt":{"rendered":"<p>Spectacle pour tous \u00e0 partir de 4 ans Cr\u00e9ation de l&rsquo;Anneau Th\u00e9\u00e2tre en 2005 \u00ab\u00a0La petite Jeanne attend avec impatience le retour de Papa et Maman. Ceux-ci vont lui ramener une surprise qui a de tout petits petits orteils\u2026! Gard\u00e9e par son Grand-Papa, Jeanne fait avec lui un voyage dans le temps \u00e0 travers lequel [&hellip;]<\/p>\n","protected":false},"author":1,"featured_media":0,"parent":0,"menu_order":0,"comment_status":"closed","ping_status":"closed","template":"","meta":{"_coblocks_attr":"","_coblocks_dimensions":"","_coblocks_responsive_height":"","_coblocks_accordion_ie_support":"","spay_email":""},"_links":{"self":[{"href":"https:\/\/sandrineclark.be\/index.php\/wp-json\/wp\/v2\/pages\/270"}],"collection":[{"href":"https:\/\/sandrineclark.be\/index.php\/wp-json\/wp\/v2\/pages"}],"about":[{"href":"https:\/\/sandrineclark.be\/index.php\/wp-json\/wp\/v2\/types\/page"}],"author":[{"embeddable":true,"href":"https:\/\/sandrineclark.be\/index.php\/wp-json\/wp\/v2\/users\/1"}],"replies":[{"embeddable":true,"href":"https:\/\/sandrineclark.be\/index.php\/wp-json\/wp\/v2\/comments?post=270"}],"version-history":[{"count":1,"href":"https:\/\/sandrineclark.be\/index.php\/wp-json\/wp\/v2\/pages\/270\/revisions"}],"predecessor-version":[{"id":279,"href":"https:\/\/sandrineclark.be\/index.php\/wp-json\/wp\/v2\/pages\/270\/revisions\/279"}],"wp:attachment":[{"href":"https:\/\/sandrineclark.be\/index.php\/wp-json\/wp\/v2\/media?parent=270"}],"curies":[{"name":"wp","href":"https:\/\/api.w.org\/{rel}","templated":true}]}}

<p class="has-text-align-center">Spectacle pour tous à partir de 4 ans</p>



<figure class="wp-block-image size-large is-style-circle-mask"><img loading="lazy" width="1024" height="682" src="http://sandrineclark.be/wp-content/uploads/2020/03/Orteil_06-1024x682.jpg" alt="" class="wp-image-271" srcset="https://sandrineclark.be/wp-content/uploads/2020/03/Orteil_06-1024x682.jpg 1024w, https://sandrineclark.be/wp-content/uploads/2020/03/Orteil_06-300x200.jpg 300w, https://sandrineclark.be/wp-content/uploads/2020/03/Orteil_06-768x512.jpg 768w, https://sandrineclark.be/wp-content/uploads/2020/03/Orteil_06-1536x1024.jpg 1536w, https://sandrineclark.be/wp-content/uploads/2020/03/Orteil_06-1200x800.jpg 1200w, https://sandrineclark.be/wp-content/uploads/2020/03/Orteil_06-1980x1320.jpg 1980w, https://sandrineclark.be/wp-content/uploads/2020/03/Orteil_06.jpg 2000w" sizes="(max-width: 1024px) 100vw, 1024px" /></figure>



<figure class="wp-block-gallery columns-3 is-cropped"><ul class="blocks-gallery-grid"><li class="blocks-gallery-item"><figure><img loading="lazy" width="1024" height="682" src="http://sandrineclark.be/wp-content/uploads/2020/03/Orteil_05-1024x682.jpg" alt="" data-id="272" data-link="http://sandrineclark.be/?attachment_id=272" class="wp-image-272" srcset="https://sandrineclark.be/wp-content/uploads/2020/03/Orteil_05-1024x682.jpg 1024w, https://sandrineclark.be/wp-content/uploads/2020/03/Orteil_05-300x200.jpg 300w, https://sandrineclark.be/wp-content/uploads/2020/03/Orteil_05-768x512.jpg 768w, https://sandrineclark.be/wp-content/uploads/2020/03/Orteil_05-1536x1024.jpg 1536w, https://sandrineclark.be/wp-content/uploads/2020/03/Orteil_05-1200x800.jpg 1200w, https://sandrineclark.be/wp-content/uploads/2020/03/Orteil_05-1980x1320.jpg 1980w, https://sandrineclark.be/wp-content/uploads/2020/03/Orteil_05.jpg 2000w" sizes="(max-width: 1024px) 100vw, 1024px" /></figure></li><li class="blocks-gallery-item"><figure><img loading="lazy" width="742" height="584" src="http://sandrineclark.be/wp-content/uploads/2020/03/Orteil_03.jpg" alt="" data-id="273" data-link="http://sandrineclark.be/?attachment_id=273" class="wp-image-273" srcset="https://sandrineclark.be/wp-content/uploads/2020/03/Orteil_03.jpg 742w, https://sandrineclark.be/wp-content/uploads/2020/03/Orteil_03-300x236.jpg 300w" sizes="(max-width: 742px) 100vw, 742px" /></figure></li><li class="blocks-gallery-item"><figure><img loading="lazy" width="1024" height="682" src="http://sandrineclark.be/wp-content/uploads/2020/03/Orteil_01-1024x682.jpg" alt="" data-id="274" data-link="http://sandrineclark.be/?attachment_id=274" class="wp-image-274" srcset="https://sandrineclark.be/wp-content/uploads/2020/03/Orteil_01-1024x682.jpg 1024w, https://sandrineclark.be/wp-content/uploads/2020/03/Orteil_01-300x200.jpg 300w, https://sandrineclark.be/wp-content/uploads/2020/03/Orteil_01-768x512.jpg 768w, https://sandrineclark.be/wp-content/uploads/2020/03/Orteil_01-1536x1024.jpg 1536w, https://sandrineclark.be/wp-content/uploads/2020/03/Orteil_01-1200x800.jpg 1200w, https://sandrineclark.be/wp-content/uploads/2020/03/Orteil_01-1980x1320.jpg 1980w, https://sandrineclark.be/wp-content/uploads/2020/03/Orteil_01.jpg 2000w" sizes="(max-width: 1024px) 100vw, 1024px" /></figure></li><li class="blocks-gallery-item"><figure><img loading="lazy" width="1024" height="682" src="http://sandrineclark.be/wp-content/uploads/2020/03/Orteil_04-1024x682.jpg" alt="" data-id="276" data-link="http://sandrineclark.be/?attachment_id=276" class="wp-image-276" srcset="https://sandrineclark.be/wp-content/uploads/2020/03/Orteil_04-1024x682.jpg 1024w, https://sandrineclark.be/wp-content/uploads/2020/03/Orteil_04-300x200.jpg 300w, https://sandrineclark.be/wp-content/uploads/2020/03/Orteil_04-768x512.jpg 768w, https://sandrineclark.be/wp-content/uploads/2020/03/Orteil_04-1536x1024.jpg 1536w, https://sandrineclark.be/wp-content/uploads/2020/03/Orteil_04-1200x800.jpg 1200w, https://sandrineclark.be/wp-content/uploads/2020/03/Orteil_04-1980x1320.jpg 1980w, https://sandrineclark.be/wp-content/uploads/2020/03/Orteil_04.jpg 2000w" sizes="(max-width: 1024px) 100vw, 1024px" /></figure></li><li class="blocks-gallery-item"><figure><img loading="lazy" width="1024" height="682" src="http://sandrineclark.be/wp-content/uploads/2020/03/Orteil_08-1024x682.jpg" alt="" data-id="277" data-link="http://sandrineclark.be/?attachment_id=277" class="wp-image-277" srcset="https://sandrineclark.be/wp-content/uploads/2020/03/Orteil_08-1024x682.jpg 1024w, https://sandrineclark.be/wp-content/uploads/2020/03/Orteil_08-300x200.jpg 300w, https://sandrineclark.be/wp-content/uploads/2020/03/Orteil_08-768x512.jpg 768w, https://sandrineclark.be/wp-content/uploads/2020/03/Orteil_08-1536x1024.jpg 1536w, https://sandrineclark.be/wp-content/uploads/2020/03/Orteil_08-1200x800.jpg 1200w, https://sandrineclark.be/wp-content/uploads/2020/03/Orteil_08-1980x1320.jpg 1980w, https://sandrineclark.be/wp-content/uploads/2020/03/Orteil_08.jpg 2000w" sizes="(max-width: 1024px) 100vw, 1024px" /></figure></li><li class="blocks-gallery-item"><figure><img loading="lazy" width="1024" height="682" src="http://sandrineclark.be/wp-content/uploads/2020/03/Orteil_07-1024x682.jpg" alt="" data-id="278" data-full-url="http://sandrineclark.be/wp-content/uploads/2020/03/Orteil_07.jpg" data-link="http://sandrineclark.be/?attachment_id=278" class="wp-image-278" srcset="https://sandrineclark.be/wp-content/uploads/2020/03/Orteil_07-1024x682.jpg 1024w, https://sandrineclark.be/wp-content/uploads/2020/03/Orteil_07-300x200.jpg 300w, https://sandrineclark.be/wp-content/uploads/2020/03/Orteil_07-768x512.jpg 768w, https://sandrineclark.be/wp-content/uploads/2020/03/Orteil_07-1536x1024.jpg 1536w, https://sandrineclark.be/wp-content/uploads/2020/03/Orteil_07-1200x800.jpg 1200w, https://sandrineclark.be/wp-content/uploads/2020/03/Orteil_07-1980x1320.jpg 1980w, https://sandrineclark.be/wp-content/uploads/2020/03/Orteil_07.jpg 2000w" sizes="(max-width: 1024px) 100vw, 1024px" /></figure></li></ul></figure>



<p style="color:#0d4861" class="has-text-color has-text-align-center has-large-font-size"><strong>Création de l&rsquo;Anneau Théâtre en 2005</strong></p>



<p class="has-text-align-right">« <em>La petite Jeanne attend avec impatience le  retour de Papa et Maman. Ceux-ci vont lui ramener une surprise qui a de  tout petits petits orteils…! Gardée par son Grand-Papa, Jeanne fait  avec lui un voyage dans le temps à travers lequel elle découvre que tous  les gens qu’elle connaît ont aussi été des bébés, tout comme celui qui  se fait tant attendre…</em>« </p>



<p>Texte: <strong>Louis-Dominique Lavigne</strong></p>



<p>Mise en scène: <strong>Ariane Buhbinder</strong></p>



<p>Interprétation : <strong>Tatiana Bielyszew et Yannick Guégan</strong></p>



<p>Scénographie : <strong>Sandrine Clark</strong> avec l’aide de <strong>Christine Flasschoen</strong> et <strong>Christel Van Weyemberg</strong></p>



<p>Eclairage : <strong>Richard Joukovsky</strong></p>



<p>Conception sonore : <strong>Ariane Buhbinder</strong> et <strong>Thierry Rombaux</strong></p>



<div style="height:20px" aria-hidden="true" class="wp-block-spacer"></div>



<p><strong>Mention spéciale du jury à Huy 2005</strong> pour “le bain de tendresse offert aux petits”</p>



<div style="height:20px" aria-hidden="true" class="wp-block-spacer"></div>



<p class="has-text-align-right"><a href="http://anneauthth.cluster021.hosting.ovh.net/project/les-petits-orteils/">http://anneauthth.cluster021.hosting.ovh.net/project/les-petits-orteils/</a></p>

<p>Spectacle pour tous à partir de 4 ans Création de l&rsquo;Anneau Théâtre en 2005 « La petite Jeanne attend avec impatience le retour de Papa et Maman. Ceux-ci vont lui ramener une surprise qui a de tout petits petits orteils…! Gardée par son Grand-Papa, Jeanne fait avec lui un voyage dans le temps à travers lequel [&hellip;]</p>
