{"id":343,"date":"2021-09-30T16:01:14","date_gmt":"2021-09-30T14:01:14","guid":{"rendered":"http:\/\/sandrineclark.be\/?page_id=343"},"modified":"2021-09-30T16:01:14","modified_gmt":"2021-09-30T14:01:14","slug":"les-beaux","status":"publish","type":"page","link":"https:\/\/sandrineclark.be\/index.php\/les-beaux\/","title":{"rendered":"Les Beaux"},"content":{"rendered":"\n<p class=\"has-text-align-center\">Th\u00e9\u00e2tre<\/p>\n\n\n\n<div style=\"height:20px\" aria-hidden=\"true\" class=\"wp-block-spacer\"><\/div>\n\n\n\n<div class=\"wp-block-image is-style-circle-mask\"><figure class=\"aligncenter size-large is-resized\"><img loading=\"lazy\" src=\"http:\/\/sandrineclark.be\/wp-content\/uploads\/2021\/09\/Les-Beaux-5-c-Bartolomeo-La-Punzina-1024x683.jpg\" alt=\"\" class=\"wp-image-345\" width=\"477\" height=\"318\" srcset=\"https:\/\/sandrineclark.be\/wp-content\/uploads\/2021\/09\/Les-Beaux-5-c-Bartolomeo-La-Punzina-1024x683.jpg 1024w, https:\/\/sandrineclark.be\/wp-content\/uploads\/2021\/09\/Les-Beaux-5-c-Bartolomeo-La-Punzina-300x200.jpg 300w, https:\/\/sandrineclark.be\/wp-content\/uploads\/2021\/09\/Les-Beaux-5-c-Bartolomeo-La-Punzina-768x512.jpg 768w, https:\/\/sandrineclark.be\/wp-content\/uploads\/2021\/09\/Les-Beaux-5-c-Bartolomeo-La-Punzina-1536x1024.jpg 1536w, https:\/\/sandrineclark.be\/wp-content\/uploads\/2021\/09\/Les-Beaux-5-c-Bartolomeo-La-Punzina-2048x1365.jpg 2048w, https:\/\/sandrineclark.be\/wp-content\/uploads\/2021\/09\/Les-Beaux-5-c-Bartolomeo-La-Punzina-1200x800.jpg 1200w, https:\/\/sandrineclark.be\/wp-content\/uploads\/2021\/09\/Les-Beaux-5-c-Bartolomeo-La-Punzina-1980x1320.jpg 1980w\" sizes=\"(max-width: 477px) 100vw, 477px\" \/><\/figure><\/div>\n\n\n\n<div style=\"height:23px\" aria-hidden=\"true\" class=\"wp-block-spacer\"><\/div>\n\n\n\n<figure class=\"wp-block-gallery columns-3 is-cropped\"><ul class=\"blocks-gallery-grid\"><li class=\"blocks-gallery-item\"><figure><img loading=\"lazy\" width=\"2560\" height=\"1707\" src=\"http:\/\/sandrineclark.be\/wp-content\/uploads\/2021\/09\/Les-Beaux-4-c-Bartolomeo-La-Punzina-3-scaled.jpg\" alt=\"\" data-id=\"348\" data-link=\"http:\/\/sandrineclark.be\/?attachment_id=348\" class=\"wp-image-348\" srcset=\"https:\/\/sandrineclark.be\/wp-content\/uploads\/2021\/09\/Les-Beaux-4-c-Bartolomeo-La-Punzina-3-scaled.jpg 2560w, https:\/\/sandrineclark.be\/wp-content\/uploads\/2021\/09\/Les-Beaux-4-c-Bartolomeo-La-Punzina-3-300x200.jpg 300w, https:\/\/sandrineclark.be\/wp-content\/uploads\/2021\/09\/Les-Beaux-4-c-Bartolomeo-La-Punzina-3-1024x683.jpg 1024w, https:\/\/sandrineclark.be\/wp-content\/uploads\/2021\/09\/Les-Beaux-4-c-Bartolomeo-La-Punzina-3-768x512.jpg 768w, https:\/\/sandrineclark.be\/wp-content\/uploads\/2021\/09\/Les-Beaux-4-c-Bartolomeo-La-Punzina-3-1536x1024.jpg 1536w, https:\/\/sandrineclark.be\/wp-content\/uploads\/2021\/09\/Les-Beaux-4-c-Bartolomeo-La-Punzina-3-2048x1365.jpg 2048w, https:\/\/sandrineclark.be\/wp-content\/uploads\/2021\/09\/Les-Beaux-4-c-Bartolomeo-La-Punzina-3-1200x800.jpg 1200w, https:\/\/sandrineclark.be\/wp-content\/uploads\/2021\/09\/Les-Beaux-4-c-Bartolomeo-La-Punzina-3-1980x1320.jpg 1980w\" sizes=\"(max-width: 2560px) 100vw, 2560px\" \/><\/figure><\/li><li class=\"blocks-gallery-item\"><figure><img loading=\"lazy\" width=\"2560\" height=\"1707\" src=\"http:\/\/sandrineclark.be\/wp-content\/uploads\/2021\/09\/Les-Beaux-6-c-Bartolomeo-La-Punzina-scaled.jpg\" alt=\"\" data-id=\"347\" data-link=\"http:\/\/sandrineclark.be\/?attachment_id=347\" class=\"wp-image-347\" srcset=\"https:\/\/sandrineclark.be\/wp-content\/uploads\/2021\/09\/Les-Beaux-6-c-Bartolomeo-La-Punzina-scaled.jpg 2560w, https:\/\/sandrineclark.be\/wp-content\/uploads\/2021\/09\/Les-Beaux-6-c-Bartolomeo-La-Punzina-300x200.jpg 300w, https:\/\/sandrineclark.be\/wp-content\/uploads\/2021\/09\/Les-Beaux-6-c-Bartolomeo-La-Punzina-1024x683.jpg 1024w, https:\/\/sandrineclark.be\/wp-content\/uploads\/2021\/09\/Les-Beaux-6-c-Bartolomeo-La-Punzina-768x512.jpg 768w, https:\/\/sandrineclark.be\/wp-content\/uploads\/2021\/09\/Les-Beaux-6-c-Bartolomeo-La-Punzina-1536x1024.jpg 1536w, https:\/\/sandrineclark.be\/wp-content\/uploads\/2021\/09\/Les-Beaux-6-c-Bartolomeo-La-Punzina-2048x1365.jpg 2048w, https:\/\/sandrineclark.be\/wp-content\/uploads\/2021\/09\/Les-Beaux-6-c-Bartolomeo-La-Punzina-1200x800.jpg 1200w, https:\/\/sandrineclark.be\/wp-content\/uploads\/2021\/09\/Les-Beaux-6-c-Bartolomeo-La-Punzina-1980x1320.jpg 1980w\" sizes=\"(max-width: 2560px) 100vw, 2560px\" \/><\/figure><\/li><li class=\"blocks-gallery-item\"><figure><img loading=\"lazy\" width=\"2560\" height=\"1706\" src=\"http:\/\/sandrineclark.be\/wp-content\/uploads\/2021\/09\/Les-Beaux-7-c-Bartolomeo-La-Punzina-scaled.jpg\" alt=\"\" data-id=\"349\" data-link=\"http:\/\/sandrineclark.be\/?attachment_id=349\" class=\"wp-image-349\" srcset=\"https:\/\/sandrineclark.be\/wp-content\/uploads\/2021\/09\/Les-Beaux-7-c-Bartolomeo-La-Punzina-scaled.jpg 2560w, https:\/\/sandrineclark.be\/wp-content\/uploads\/2021\/09\/Les-Beaux-7-c-Bartolomeo-La-Punzina-300x200.jpg 300w, https:\/\/sandrineclark.be\/wp-content\/uploads\/2021\/09\/Les-Beaux-7-c-Bartolomeo-La-Punzina-1024x683.jpg 1024w, https:\/\/sandrineclark.be\/wp-content\/uploads\/2021\/09\/Les-Beaux-7-c-Bartolomeo-La-Punzina-768x512.jpg 768w, https:\/\/sandrineclark.be\/wp-content\/uploads\/2021\/09\/Les-Beaux-7-c-Bartolomeo-La-Punzina-1536x1024.jpg 1536w, https:\/\/sandrineclark.be\/wp-content\/uploads\/2021\/09\/Les-Beaux-7-c-Bartolomeo-La-Punzina-2048x1365.jpg 2048w, https:\/\/sandrineclark.be\/wp-content\/uploads\/2021\/09\/Les-Beaux-7-c-Bartolomeo-La-Punzina-1200x800.jpg 1200w, https:\/\/sandrineclark.be\/wp-content\/uploads\/2021\/09\/Les-Beaux-7-c-Bartolomeo-La-Punzina-1980x1320.jpg 1980w\" sizes=\"(max-width: 2560px) 100vw, 2560px\" \/><\/figure><\/li><li class=\"blocks-gallery-item\"><figure><img loading=\"lazy\" width=\"2560\" height=\"1707\" src=\"http:\/\/sandrineclark.be\/wp-content\/uploads\/2021\/09\/Les-Beaux-8-c-Bartolomeo-La-Punzina-scaled.jpg\" alt=\"\" data-id=\"350\" data-link=\"http:\/\/sandrineclark.be\/?attachment_id=350\" class=\"wp-image-350\" srcset=\"https:\/\/sandrineclark.be\/wp-content\/uploads\/2021\/09\/Les-Beaux-8-c-Bartolomeo-La-Punzina-scaled.jpg 2560w, https:\/\/sandrineclark.be\/wp-content\/uploads\/2021\/09\/Les-Beaux-8-c-Bartolomeo-La-Punzina-300x200.jpg 300w, https:\/\/sandrineclark.be\/wp-content\/uploads\/2021\/09\/Les-Beaux-8-c-Bartolomeo-La-Punzina-1024x683.jpg 1024w, https:\/\/sandrineclark.be\/wp-content\/uploads\/2021\/09\/Les-Beaux-8-c-Bartolomeo-La-Punzina-768x512.jpg 768w, https:\/\/sandrineclark.be\/wp-content\/uploads\/2021\/09\/Les-Beaux-8-c-Bartolomeo-La-Punzina-1536x1024.jpg 1536w, https:\/\/sandrineclark.be\/wp-content\/uploads\/2021\/09\/Les-Beaux-8-c-Bartolomeo-La-Punzina-2048x1366.jpg 2048w, https:\/\/sandrineclark.be\/wp-content\/uploads\/2021\/09\/Les-Beaux-8-c-Bartolomeo-La-Punzina-1200x800.jpg 1200w, https:\/\/sandrineclark.be\/wp-content\/uploads\/2021\/09\/Les-Beaux-8-c-Bartolomeo-La-Punzina-1980x1320.jpg 1980w\" sizes=\"(max-width: 2560px) 100vw, 2560px\" \/><\/figure><\/li><li class=\"blocks-gallery-item\"><figure><img loading=\"lazy\" width=\"2560\" height=\"1707\" src=\"http:\/\/sandrineclark.be\/wp-content\/uploads\/2021\/09\/Les-Beaux-9-c-Bartolomeo-La-Punzina-1-scaled.jpg\" alt=\"\" data-id=\"352\" data-link=\"http:\/\/sandrineclark.be\/?attachment_id=352\" class=\"wp-image-352\" srcset=\"https:\/\/sandrineclark.be\/wp-content\/uploads\/2021\/09\/Les-Beaux-9-c-Bartolomeo-La-Punzina-1-scaled.jpg 2560w, https:\/\/sandrineclark.be\/wp-content\/uploads\/2021\/09\/Les-Beaux-9-c-Bartolomeo-La-Punzina-1-300x200.jpg 300w, https:\/\/sandrineclark.be\/wp-content\/uploads\/2021\/09\/Les-Beaux-9-c-Bartolomeo-La-Punzina-1-1024x683.jpg 1024w, https:\/\/sandrineclark.be\/wp-content\/uploads\/2021\/09\/Les-Beaux-9-c-Bartolomeo-La-Punzina-1-768x512.jpg 768w, https:\/\/sandrineclark.be\/wp-content\/uploads\/2021\/09\/Les-Beaux-9-c-Bartolomeo-La-Punzina-1-1536x1024.jpg 1536w, https:\/\/sandrineclark.be\/wp-content\/uploads\/2021\/09\/Les-Beaux-9-c-Bartolomeo-La-Punzina-1-2048x1365.jpg 2048w, https:\/\/sandrineclark.be\/wp-content\/uploads\/2021\/09\/Les-Beaux-9-c-Bartolomeo-La-Punzina-1-1200x800.jpg 1200w, https:\/\/sandrineclark.be\/wp-content\/uploads\/2021\/09\/Les-Beaux-9-c-Bartolomeo-La-Punzina-1-1980x1320.jpg 1980w\" sizes=\"(max-width: 2560px) 100vw, 2560px\" \/><\/figure><\/li><li class=\"blocks-gallery-item\"><figure><img loading=\"lazy\" width=\"2560\" height=\"1707\" src=\"http:\/\/sandrineclark.be\/wp-content\/uploads\/2021\/09\/Les-Beaux-10-c-Bartolomeo-La-Punzina-scaled.jpg\" alt=\"\" data-id=\"353\" data-link=\"http:\/\/sandrineclark.be\/?attachment_id=353\" class=\"wp-image-353\" srcset=\"https:\/\/sandrineclark.be\/wp-content\/uploads\/2021\/09\/Les-Beaux-10-c-Bartolomeo-La-Punzina-scaled.jpg 2560w, https:\/\/sandrineclark.be\/wp-content\/uploads\/2021\/09\/Les-Beaux-10-c-Bartolomeo-La-Punzina-300x200.jpg 300w, https:\/\/sandrineclark.be\/wp-content\/uploads\/2021\/09\/Les-Beaux-10-c-Bartolomeo-La-Punzina-1024x683.jpg 1024w, https:\/\/sandrineclark.be\/wp-content\/uploads\/2021\/09\/Les-Beaux-10-c-Bartolomeo-La-Punzina-768x512.jpg 768w, https:\/\/sandrineclark.be\/wp-content\/uploads\/2021\/09\/Les-Beaux-10-c-Bartolomeo-La-Punzina-1536x1024.jpg 1536w, https:\/\/sandrineclark.be\/wp-content\/uploads\/2021\/09\/Les-Beaux-10-c-Bartolomeo-La-Punzina-2048x1365.jpg 2048w, https:\/\/sandrineclark.be\/wp-content\/uploads\/2021\/09\/Les-Beaux-10-c-Bartolomeo-La-Punzina-1200x800.jpg 1200w, https:\/\/sandrineclark.be\/wp-content\/uploads\/2021\/09\/Les-Beaux-10-c-Bartolomeo-La-Punzina-1980x1320.jpg 1980w\" sizes=\"(max-width: 2560px) 100vw, 2560px\" \/><\/figure><\/li><li class=\"blocks-gallery-item\"><figure><img loading=\"lazy\" width=\"2560\" height=\"1707\" src=\"http:\/\/sandrineclark.be\/wp-content\/uploads\/2021\/09\/Les-Beaux-11-c-Bartolomeo-La-Punzina-scaled.jpg\" alt=\"\" data-id=\"354\" data-link=\"http:\/\/sandrineclark.be\/?attachment_id=354\" class=\"wp-image-354\" srcset=\"https:\/\/sandrineclark.be\/wp-content\/uploads\/2021\/09\/Les-Beaux-11-c-Bartolomeo-La-Punzina-scaled.jpg 2560w, https:\/\/sandrineclark.be\/wp-content\/uploads\/2021\/09\/Les-Beaux-11-c-Bartolomeo-La-Punzina-300x200.jpg 300w, https:\/\/sandrineclark.be\/wp-content\/uploads\/2021\/09\/Les-Beaux-11-c-Bartolomeo-La-Punzina-1024x683.jpg 1024w, https:\/\/sandrineclark.be\/wp-content\/uploads\/2021\/09\/Les-Beaux-11-c-Bartolomeo-La-Punzina-768x512.jpg 768w, https:\/\/sandrineclark.be\/wp-content\/uploads\/2021\/09\/Les-Beaux-11-c-Bartolomeo-La-Punzina-1536x1024.jpg 1536w, https:\/\/sandrineclark.be\/wp-content\/uploads\/2021\/09\/Les-Beaux-11-c-Bartolomeo-La-Punzina-2048x1365.jpg 2048w, https:\/\/sandrineclark.be\/wp-content\/uploads\/2021\/09\/Les-Beaux-11-c-Bartolomeo-La-Punzina-1200x800.jpg 1200w, https:\/\/sandrineclark.be\/wp-content\/uploads\/2021\/09\/Les-Beaux-11-c-Bartolomeo-La-Punzina-1980x1320.jpg 1980w\" sizes=\"(max-width: 2560px) 100vw, 2560px\" \/><\/figure><\/li><li class=\"blocks-gallery-item\"><figure><img loading=\"lazy\" width=\"2560\" height=\"1707\" src=\"http:\/\/sandrineclark.be\/wp-content\/uploads\/2021\/09\/Les-Beaux-13-c-Bartolomeo-La-Punzina-scaled.jpg\" alt=\"\" data-id=\"355\" data-link=\"http:\/\/sandrineclark.be\/?attachment_id=355\" class=\"wp-image-355\" srcset=\"https:\/\/sandrineclark.be\/wp-content\/uploads\/2021\/09\/Les-Beaux-13-c-Bartolomeo-La-Punzina-scaled.jpg 2560w, https:\/\/sandrineclark.be\/wp-content\/uploads\/2021\/09\/Les-Beaux-13-c-Bartolomeo-La-Punzina-300x200.jpg 300w, https:\/\/sandrineclark.be\/wp-content\/uploads\/2021\/09\/Les-Beaux-13-c-Bartolomeo-La-Punzina-1024x683.jpg 1024w, https:\/\/sandrineclark.be\/wp-content\/uploads\/2021\/09\/Les-Beaux-13-c-Bartolomeo-La-Punzina-768x512.jpg 768w, https:\/\/sandrineclark.be\/wp-content\/uploads\/2021\/09\/Les-Beaux-13-c-Bartolomeo-La-Punzina-1536x1024.jpg 1536w, https:\/\/sandrineclark.be\/wp-content\/uploads\/2021\/09\/Les-Beaux-13-c-Bartolomeo-La-Punzina-2048x1365.jpg 2048w, https:\/\/sandrineclark.be\/wp-content\/uploads\/2021\/09\/Les-Beaux-13-c-Bartolomeo-La-Punzina-1200x800.jpg 1200w, https:\/\/sandrineclark.be\/wp-content\/uploads\/2021\/09\/Les-Beaux-13-c-Bartolomeo-La-Punzina-1980x1320.jpg 1980w\" sizes=\"(max-width: 2560px) 100vw, 2560px\" \/><\/figure><\/li><li class=\"blocks-gallery-item\"><figure><img loading=\"lazy\" width=\"2560\" height=\"1707\" src=\"http:\/\/sandrineclark.be\/wp-content\/uploads\/2021\/09\/Les-Beaux-14-c-Bartolomeo-La-Punzina-scaled.jpg\" alt=\"\" data-id=\"356\" data-link=\"http:\/\/sandrineclark.be\/?attachment_id=356\" class=\"wp-image-356\" srcset=\"https:\/\/sandrineclark.be\/wp-content\/uploads\/2021\/09\/Les-Beaux-14-c-Bartolomeo-La-Punzina-scaled.jpg 2560w, https:\/\/sandrineclark.be\/wp-content\/uploads\/2021\/09\/Les-Beaux-14-c-Bartolomeo-La-Punzina-300x200.jpg 300w, https:\/\/sandrineclark.be\/wp-content\/uploads\/2021\/09\/Les-Beaux-14-c-Bartolomeo-La-Punzina-1024x683.jpg 1024w, https:\/\/sandrineclark.be\/wp-content\/uploads\/2021\/09\/Les-Beaux-14-c-Bartolomeo-La-Punzina-768x512.jpg 768w, https:\/\/sandrineclark.be\/wp-content\/uploads\/2021\/09\/Les-Beaux-14-c-Bartolomeo-La-Punzina-1536x1024.jpg 1536w, https:\/\/sandrineclark.be\/wp-content\/uploads\/2021\/09\/Les-Beaux-14-c-Bartolomeo-La-Punzina-2048x1365.jpg 2048w, https:\/\/sandrineclark.be\/wp-content\/uploads\/2021\/09\/Les-Beaux-14-c-Bartolomeo-La-Punzina-1200x800.jpg 1200w, https:\/\/sandrineclark.be\/wp-content\/uploads\/2021\/09\/Les-Beaux-14-c-Bartolomeo-La-Punzina-1980x1320.jpg 1980w\" sizes=\"(max-width: 2560px) 100vw, 2560px\" \/><\/figure><\/li><\/ul><\/figure>\n\n\n\n<div style=\"height:20px\" aria-hidden=\"true\" class=\"wp-block-spacer\"><\/div>\n\n\n\n<p style=\"color:#046b97\" class=\"has-text-color has-text-align-center\"><strong>Cr\u00e9ation au Th\u00e9\u00e2tre Le Public en 2021<\/strong><\/p>\n\n\n\n<div style=\"height:20px\" aria-hidden=\"true\" class=\"wp-block-spacer\"><\/div>\n\n\n\n<p class=\"has-text-align-right\"><em>Ils sont beaux. C\u2019est vraiment un beau couple et un bon m\u00e9nage,  sourires d\u2019anges et habits de f\u00eate, attentifs, attention- n\u00e9s, inquiets  l\u2019un de l\u2019autre. Mais soudain le ton change. Ils s\u2019en prennent l\u2019un \u00e0  l\u2019autre. Ils ne sont plus que dans le pugilat, ils s\u2019invectivent \u00e0 coups  de petites phrases assassines. O\u00f9 sont pass\u00e9s les beaux\u00a0? Dans la t\u00eate  d\u2019une petite fille, pardi\u00a0! Et l\u2019on se rend compte que tout ce qu\u2019on  voit, ce qu\u2019on entend, on l\u2019observe \u00e0 travers le regard d\u2018une enfant.  Leur fille, qui passe son temps \u00e0 les imaginer heureux, et beaux, parce  que pour une petite fille, c\u2019est mieux quand les parents sont heureux.  Jusqu\u2019au moment o\u00f9 il faudra bien qu\u2019elle agisse, la petite, pour tenter  de remettre les pendules \u00e0 l\u2019heure et l\u2019amour au milieu du village.<\/em><\/p>\n\n\n\n<p>Auteur: <strong>L\u00e9onore Confino<\/strong><\/p>\n\n\n\n<p>Mise en sc\u00e8ne: <strong>Eric De Staercke<\/strong><\/p>\n\n\n\n<p>Assistante \u00e0 la mise en sc\u00e8ne: <strong>C\u00e9cile Delberghe<\/strong><\/p>\n\n\n\n<p>Interpr\u00e9tation: <strong>Ariane Rousseau et Fabio Zenoni <\/strong><\/p>\n\n\n\n<p>Sc\u00e9nographie: <strong>Sandrine Clark<\/strong><\/p>\n\n\n\n<p>Costumes: <strong>Chandra Vellut<\/strong><\/p>\n\n\n\n<p>Assistante costumes: <strong>Jeanne Dussenne<\/strong><\/p>\n\n\n\n<p>Lumi\u00e8re: <strong>Serge Bodard<\/strong><\/p>\n\n\n\n<p>Cr\u00e9ateur son: <strong>Eloi Baudimont<\/strong><\/p>\n\n\n\n<p>Maquillage: <strong>Kelly Leducq<\/strong><\/p>\n\n\n\n<p>R\u00e9gie: <strong>Coralie Scauflaire et Sybille Van Bellinghen<\/strong><\/p>\n","protected":false},"excerpt":{"rendered":"<p>Th\u00e9\u00e2tre Cr\u00e9ation au Th\u00e9\u00e2tre Le Public en 2021 Ils sont beaux. C\u2019est vraiment un beau couple et un bon m\u00e9nage, sourires d\u2019anges et habits de f\u00eate, attentifs, attention- n\u00e9s, inquiets l\u2019un de l\u2019autre. Mais soudain le ton change. Ils s\u2019en prennent l\u2019un \u00e0 l\u2019autre. Ils ne sont plus que dans le pugilat, ils s\u2019invectivent \u00e0 [&hellip;]<\/p>\n","protected":false},"author":1,"featured_media":0,"parent":0,"menu_order":0,"comment_status":"closed","ping_status":"closed","template":"","meta":{"_coblocks_attr":"","_coblocks_dimensions":"","_coblocks_responsive_height":"","_coblocks_accordion_ie_support":"","spay_email":""},"_links":{"self":[{"href":"https:\/\/sandrineclark.be\/index.php\/wp-json\/wp\/v2\/pages\/343"}],"collection":[{"href":"https:\/\/sandrineclark.be\/index.php\/wp-json\/wp\/v2\/pages"}],"about":[{"href":"https:\/\/sandrineclark.be\/index.php\/wp-json\/wp\/v2\/types\/page"}],"author":[{"embeddable":true,"href":"https:\/\/sandrineclark.be\/index.php\/wp-json\/wp\/v2\/users\/1"}],"replies":[{"embeddable":true,"href":"https:\/\/sandrineclark.be\/index.php\/wp-json\/wp\/v2\/comments?post=343"}],"version-history":[{"count":1,"href":"https:\/\/sandrineclark.be\/index.php\/wp-json\/wp\/v2\/pages\/343\/revisions"}],"predecessor-version":[{"id":357,"href":"https:\/\/sandrineclark.be\/index.php\/wp-json\/wp\/v2\/pages\/343\/revisions\/357"}],"wp:attachment":[{"href":"https:\/\/sandrineclark.be\/index.php\/wp-json\/wp\/v2\/media?parent=343"}],"curies":[{"name":"wp","href":"https:\/\/api.w.org\/{rel}","templated":true}]}}