{"id":544,"date":"2024-01-21T15:54:40","date_gmt":"2024-01-21T14:54:40","guid":{"rendered":"http:\/\/sandrineclark.be\/?page_id=544"},"modified":"2024-01-21T15:54:40","modified_gmt":"2024-01-21T14:54:40","slug":"stone","status":"publish","type":"page","link":"https:\/\/sandrineclark.be\/index.php\/stone\/","title":{"rendered":"Stone !"},"content":{"rendered":"\n<p class=\"has-text-align-center\">Spectacle pour tous \u00e0 partir de 12 ans<\/p>\n\n\n\n<p><\/p>\n\n\n\n<figure class=\"wp-block-image size-full is-style-rounded\"><img loading=\"lazy\" width=\"567\" height=\"425\" src=\"http:\/\/sandrineclark.be\/wp-content\/uploads\/2024\/01\/stone1.jpg\" alt=\"\" class=\"wp-image-545\" srcset=\"https:\/\/sandrineclark.be\/wp-content\/uploads\/2024\/01\/stone1.jpg 567w, https:\/\/sandrineclark.be\/wp-content\/uploads\/2024\/01\/stone1-300x225.jpg 300w\" sizes=\"(max-width: 567px) 100vw, 567px\" \/><\/figure>\n\n\n\n<p><\/p>\n\n\n\n<figure class=\"wp-block-gallery columns-2 is-cropped\"><ul class=\"blocks-gallery-grid\"><li class=\"blocks-gallery-item\"><figure><img loading=\"lazy\" width=\"567\" height=\"425\" src=\"http:\/\/sandrineclark.be\/wp-content\/uploads\/2024\/01\/stone2.jpg\" alt=\"\" data-id=\"546\" data-link=\"http:\/\/sandrineclark.be\/?attachment_id=546\" class=\"wp-image-546\" srcset=\"https:\/\/sandrineclark.be\/wp-content\/uploads\/2024\/01\/stone2.jpg 567w, https:\/\/sandrineclark.be\/wp-content\/uploads\/2024\/01\/stone2-300x225.jpg 300w\" sizes=\"(max-width: 567px) 100vw, 567px\" \/><\/figure><\/li><li class=\"blocks-gallery-item\"><figure><img loading=\"lazy\" width=\"567\" height=\"425\" src=\"http:\/\/sandrineclark.be\/wp-content\/uploads\/2024\/01\/stone3.jpg\" alt=\"\" data-id=\"547\" data-full-url=\"http:\/\/sandrineclark.be\/wp-content\/uploads\/2024\/01\/stone3.jpg\" data-link=\"http:\/\/sandrineclark.be\/?attachment_id=547\" class=\"wp-image-547\" srcset=\"https:\/\/sandrineclark.be\/wp-content\/uploads\/2024\/01\/stone3.jpg 567w, https:\/\/sandrineclark.be\/wp-content\/uploads\/2024\/01\/stone3-300x225.jpg 300w\" sizes=\"(max-width: 567px) 100vw, 567px\" \/><\/figure><\/li><\/ul><\/figure>\n\n\n\n<p class=\"has-text-color\" style=\"color:#024461;font-size:26.2px\"><strong>Cr\u00e9ation par le th\u00e9\u00e2tre de la Guimbarde en ao\u00fbt 2007<\/strong><\/p>\n\n\n\n<p class=\"has-text-align-right\">Un dimanche comme beaucoup d\u2019autres&nbsp;: deux amis, deux ados trompent leur ennui en se lan\u00e7ant dans des jeux dangereux. Tim et Yaoo, deux ados livr\u00e9s \u00e0 eux-m\u00eames, d\u00e9s\u0153uvr\u00e9s, soucieux d\u2019\u00e9pater le copain et toujours pr\u00eats \u00e0 cr\u00e2ner tombent dans le pi\u00e8ge de la d\u00e9linquance&nbsp;; inconscients, insouciants et d\u00e9sireux de d\u00e9jouer les interdits pour vivre de nouvelles sensations. Jusqu\u2019au jour o\u00f9 leur jeu stupide vire au drame. Une pierre, jet\u00e9e du haut d\u2019un pont provoque la mort d\u2019un homme. Arr\u00eat sur image. Remords. Prise de conscience d\u2019un acte quasi innocent et de ses cons\u00e9quences cruellement coupables.<\/p>\n\n\n\n<p class=\"has-text-align-right\">\u00c0 coup de rock\u00a0\u00ab\u00a0garage\u00a0\u00bb fa\u00e7on Pixies, Placebo ou Noir D\u00e9sir, trois com\u00e9diens-musiciens vivent et racontent cette histoire tir\u00e9e d\u2019un fait divers et posent sans jugement la r\u00e9elle question de la responsabilit\u00e9.<\/p>\n\n\n\n<p><\/p>\n\n\n\n<p>Texte: <strong>Tom\u00a0Lycos , Stephano\u00a0Nantsou<\/strong><\/p>\n\n\n\n<p>Mise en sc\u00e8ne : <strong>Jean-Michel Van den Eeyden<\/strong><\/p>\n\n\n\n<p>Interpr\u00e9tation: <strong>Nicolas Mispeleare<\/strong> , <strong>St\u00e9phane Pirard<\/strong> ,<strong> Etienne Serk<\/strong><\/p>\n\n\n\n<p>Sc\u00e9nographie: <strong>Sandrine Clark<\/strong><\/p>\n\n\n\n<p>Chor\u00e9graphie: <strong>Shaula Cambazzu<\/strong><\/p>\n\n\n\n<p>Cr\u00e9ation lumi\u00e8re: <strong>Xavier Lauwers<\/strong><\/p>\n\n\n\n<p><\/p>\n\n\n\n<p class=\"has-text-align-right\"><blockquote class=\"wp-embedded-content\" data-secret=\"4248TCGN49\"><a href=\"https:\/\/laguimbarde.be\/\">Accueil<\/a><\/blockquote><iframe class=\"wp-embedded-content\" sandbox=\"allow-scripts\" security=\"restricted\" style=\"position: absolute; clip: rect(1px, 1px, 1px, 1px);\" title=\"\u00ab\u00a0Accueil\u00a0\u00bb &#8212; La Guimbarde\" src=\"https:\/\/laguimbarde.be\/embed\/#?secret=7WY8ss6XmN#?secret=4248TCGN49\" data-secret=\"4248TCGN49\" width=\"580\" height=\"327\" frameborder=\"0\" marginwidth=\"0\" marginheight=\"0\" scrolling=\"no\"><\/iframe><\/p>\n","protected":false},"excerpt":{"rendered":"<p>Spectacle pour tous \u00e0 partir de 12 ans Cr\u00e9ation par le th\u00e9\u00e2tre de la Guimbarde en ao\u00fbt 2007 Un dimanche comme beaucoup d\u2019autres&nbsp;: deux amis, deux ados trompent leur ennui en se lan\u00e7ant dans des jeux dangereux. Tim et Yaoo, deux ados livr\u00e9s \u00e0 eux-m\u00eames, d\u00e9s\u0153uvr\u00e9s, soucieux d\u2019\u00e9pater le copain et toujours pr\u00eats \u00e0 cr\u00e2ner [&hellip;]<\/p>\n","protected":false},"author":1,"featured_media":0,"parent":0,"menu_order":0,"comment_status":"closed","ping_status":"closed","template":"","meta":{"_coblocks_attr":"","_coblocks_dimensions":"","_coblocks_responsive_height":"","_coblocks_accordion_ie_support":"","spay_email":""},"_links":{"self":[{"href":"https:\/\/sandrineclark.be\/index.php\/wp-json\/wp\/v2\/pages\/544"}],"collection":[{"href":"https:\/\/sandrineclark.be\/index.php\/wp-json\/wp\/v2\/pages"}],"about":[{"href":"https:\/\/sandrineclark.be\/index.php\/wp-json\/wp\/v2\/types\/page"}],"author":[{"embeddable":true,"href":"https:\/\/sandrineclark.be\/index.php\/wp-json\/wp\/v2\/users\/1"}],"replies":[{"embeddable":true,"href":"https:\/\/sandrineclark.be\/index.php\/wp-json\/wp\/v2\/comments?post=544"}],"version-history":[{"count":1,"href":"https:\/\/sandrineclark.be\/index.php\/wp-json\/wp\/v2\/pages\/544\/revisions"}],"predecessor-version":[{"id":548,"href":"https:\/\/sandrineclark.be\/index.php\/wp-json\/wp\/v2\/pages\/544\/revisions\/548"}],"wp:attachment":[{"href":"https:\/\/sandrineclark.be\/index.php\/wp-json\/wp\/v2\/media?parent=544"}],"curies":[{"name":"wp","href":"https:\/\/api.w.org\/{rel}","templated":true}]}}