{"id":551,"date":"2024-01-21T16:54:21","date_gmt":"2024-01-21T15:54:21","guid":{"rendered":"http:\/\/sandrineclark.be\/?page_id=551"},"modified":"2024-01-21T16:54:21","modified_gmt":"2024-01-21T15:54:21","slug":"credo-ma-non-troppo","status":"publish","type":"page","link":"https:\/\/sandrineclark.be\/index.php\/credo-ma-non-troppo\/","title":{"rendered":"Credo ma non troppo"},"content":{"rendered":"\n<p class=\"has-text-align-center\">Humble rem\u00e8de musical contre l&rsquo;abrutissement<\/p>\n\n\n\n<p><\/p>\n\n\n\n<figure class=\"wp-block-image size-full is-style-rounded\"><img loading=\"lazy\" width=\"600\" height=\"399\" src=\"http:\/\/sandrineclark.be\/wp-content\/uploads\/2024\/01\/l_09f58caff0f71d8ebaabb057e5b2bdfd.jpg\" alt=\"\" class=\"wp-image-552\" srcset=\"https:\/\/sandrineclark.be\/wp-content\/uploads\/2024\/01\/l_09f58caff0f71d8ebaabb057e5b2bdfd.jpg 600w, https:\/\/sandrineclark.be\/wp-content\/uploads\/2024\/01\/l_09f58caff0f71d8ebaabb057e5b2bdfd-300x200.jpg 300w\" sizes=\"(max-width: 600px) 100vw, 600px\" \/><\/figure>\n\n\n\n<div class=\"wp-block-columns\">\n<div class=\"wp-block-column\" style=\"flex-basis:100%\">\n<div class=\"wp-block-columns\">\n<div class=\"wp-block-column\" style=\"flex-basis:100%\">\n<div class=\"wp-block-jetpack-tiled-gallery aligncenter is-style-rectangular\"><div class=\"tiled-gallery__gallery\"><div class=\"tiled-gallery__row\"><div class=\"tiled-gallery__col\"><figure class=\"tiled-gallery__item\"><img srcset=\"https:\/\/i1.wp.com\/sandrineclark.be\/wp-content\/uploads\/2024\/01\/l_3c807be189e732f822a865fe600856ce.jpg?strip=info&#038;w=399 399w\" alt=\"\" data-height=\"399\" data-id=\"553\" data-link=\"http:\/\/sandrineclark.be\/?attachment_id=553\" data-url=\"http:\/\/sandrineclark.be\/wp-content\/uploads\/2024\/01\/l_3c807be189e732f822a865fe600856ce.jpg\" data-width=\"600\" src=\"https:\/\/i1.wp.com\/sandrineclark.be\/wp-content\/uploads\/2024\/01\/l_3c807be189e732f822a865fe600856ce.jpg\"\/><\/figure><\/div><div class=\"tiled-gallery__col\"><figure class=\"tiled-gallery__item\"><img srcset=\"https:\/\/i0.wp.com\/sandrineclark.be\/wp-content\/uploads\/2024\/01\/l_8108dae698b084591d80eb35f4caf1cc.jpg?strip=info&#038;w=399 399w\" alt=\"\" data-height=\"399\" data-id=\"555\" data-link=\"http:\/\/sandrineclark.be\/?attachment_id=555\" data-url=\"http:\/\/sandrineclark.be\/wp-content\/uploads\/2024\/01\/l_8108dae698b084591d80eb35f4caf1cc.jpg\" data-width=\"600\" src=\"https:\/\/i0.wp.com\/sandrineclark.be\/wp-content\/uploads\/2024\/01\/l_8108dae698b084591d80eb35f4caf1cc.jpg\"\/><\/figure><figure class=\"tiled-gallery__item\"><img srcset=\"https:\/\/i1.wp.com\/sandrineclark.be\/wp-content\/uploads\/2024\/01\/l_c2299fd7e12719b1c30b316e9211e1b9.jpg?strip=info&#038;w=399 399w\" alt=\"\" data-height=\"399\" data-id=\"556\" data-link=\"http:\/\/sandrineclark.be\/?attachment_id=556\" data-url=\"http:\/\/sandrineclark.be\/wp-content\/uploads\/2024\/01\/l_c2299fd7e12719b1c30b316e9211e1b9.jpg\" data-width=\"600\" src=\"https:\/\/i1.wp.com\/sandrineclark.be\/wp-content\/uploads\/2024\/01\/l_c2299fd7e12719b1c30b316e9211e1b9.jpg\"\/><\/figure><\/div><\/div><div class=\"tiled-gallery__row\"><div class=\"tiled-gallery__col\"><figure class=\"tiled-gallery__item\"><img srcset=\"https:\/\/i0.wp.com\/sandrineclark.be\/wp-content\/uploads\/2024\/01\/l_d8a07f7949fa000e00204aeba726beb8.jpg?strip=info&#038;w=399 399w\" alt=\"\" data-height=\"399\" data-id=\"557\" data-link=\"http:\/\/sandrineclark.be\/?attachment_id=557\" data-url=\"http:\/\/sandrineclark.be\/wp-content\/uploads\/2024\/01\/l_d8a07f7949fa000e00204aeba726beb8.jpg\" data-width=\"600\" src=\"https:\/\/i0.wp.com\/sandrineclark.be\/wp-content\/uploads\/2024\/01\/l_d8a07f7949fa000e00204aeba726beb8.jpg\"\/><\/figure><figure class=\"tiled-gallery__item\"><img srcset=\"https:\/\/i2.wp.com\/sandrineclark.be\/wp-content\/uploads\/2024\/01\/l_ea8c0d15fdf5e187d425cda0e47e21f5.jpg?strip=info&#038;w=399 399w\" alt=\"\" data-height=\"399\" data-id=\"558\" data-link=\"http:\/\/sandrineclark.be\/?attachment_id=558\" data-url=\"http:\/\/sandrineclark.be\/wp-content\/uploads\/2024\/01\/l_ea8c0d15fdf5e187d425cda0e47e21f5.jpg\" data-width=\"600\" src=\"https:\/\/i2.wp.com\/sandrineclark.be\/wp-content\/uploads\/2024\/01\/l_ea8c0d15fdf5e187d425cda0e47e21f5.jpg\"\/><\/figure><\/div><div class=\"tiled-gallery__col\"><figure class=\"tiled-gallery__item\"><img srcset=\"https:\/\/i1.wp.com\/sandrineclark.be\/wp-content\/uploads\/2024\/01\/l_f9fec25a53771ed8970c8aa4c86cea88.jpg?strip=info&#038;w=600 600w,https:\/\/i1.wp.com\/sandrineclark.be\/wp-content\/uploads\/2024\/01\/l_f9fec25a53771ed8970c8aa4c86cea88.jpg?strip=info&#038;w=900 900w,https:\/\/i1.wp.com\/sandrineclark.be\/wp-content\/uploads\/2024\/01\/l_f9fec25a53771ed8970c8aa4c86cea88.jpg?strip=info&#038;w=901 901w\" alt=\"\" data-height=\"901\" data-id=\"559\" data-link=\"http:\/\/sandrineclark.be\/?attachment_id=559\" data-url=\"http:\/\/sandrineclark.be\/wp-content\/uploads\/2024\/01\/l_f9fec25a53771ed8970c8aa4c86cea88.jpg\" data-width=\"600\" src=\"https:\/\/i1.wp.com\/sandrineclark.be\/wp-content\/uploads\/2024\/01\/l_f9fec25a53771ed8970c8aa4c86cea88.jpg\"\/><\/figure><\/div><\/div><div class=\"tiled-gallery__row\"><div class=\"tiled-gallery__col\"><figure class=\"tiled-gallery__item\"><img srcset=\"https:\/\/i0.wp.com\/sandrineclark.be\/wp-content\/uploads\/2024\/01\/l_f164f2fa1bd492394e58dc4aa39ce24b.jpg?strip=info&#038;w=399 399w\" alt=\"\" data-height=\"399\" data-id=\"560\" data-link=\"http:\/\/sandrineclark.be\/?attachment_id=560\" data-url=\"http:\/\/sandrineclark.be\/wp-content\/uploads\/2024\/01\/l_f164f2fa1bd492394e58dc4aa39ce24b.jpg\" data-width=\"600\" src=\"https:\/\/i0.wp.com\/sandrineclark.be\/wp-content\/uploads\/2024\/01\/l_f164f2fa1bd492394e58dc4aa39ce24b.jpg\"\/><\/figure><\/div><div class=\"tiled-gallery__col\"><figure class=\"tiled-gallery__item\"><img srcset=\"https:\/\/i2.wp.com\/sandrineclark.be\/wp-content\/uploads\/2024\/01\/l_f6366eafc73f3e2804fa880b4e51e632.jpg?strip=info&#038;w=399 399w\" alt=\"\" data-height=\"399\" data-id=\"561\" data-link=\"http:\/\/sandrineclark.be\/?attachment_id=561\" data-url=\"http:\/\/sandrineclark.be\/wp-content\/uploads\/2024\/01\/l_f6366eafc73f3e2804fa880b4e51e632.jpg\" data-width=\"600\" src=\"https:\/\/i2.wp.com\/sandrineclark.be\/wp-content\/uploads\/2024\/01\/l_f6366eafc73f3e2804fa880b4e51e632.jpg\"\/><\/figure><\/div><\/div><\/div><\/div>\n<\/div>\n<\/div>\n<\/div>\n<\/div>\n\n\n\n<p class=\"has-text-align-center has-text-color\" style=\"color:#02435f;font-size:26.2px\">Une production du Collectif 1984<\/p>\n\n\n\n<p class=\"has-text-align-right\">Pour ceux qui cherchent un \u00e9cho \u00e0 leur col\u00e8re quotidienne,<br>Il est salutaire de l\u2019entendre se r\u00e9percuter dans des chansons.<\/p>\n\n\n\n<p class=\"has-text-align-right\">Pour ceux qui se voient funambules sur le fil de leur vie,<br>Il est sain de contempler cette prouesse sur des cordes\u2026 vocales.<\/p>\n\n\n\n<p class=\"has-text-align-right\">Pour ceux qui se sentent impuissants face aux d\u00e9sastres annonc\u00e9s,<br>Il est recommand\u00e9 de cueillir r\u00e9guli\u00e8rement des brins d\u2019utopie.<\/p>\n\n\n\n<p class=\"has-text-align-right\">Et pour ceux qui ne dig\u00e8rent pas les rem\u00e8des sans humour,<br>Nous prescrivons le concert de CREDO MA NON TROPPO<\/p>\n\n\n\n<p><\/p>\n\n\n\n<p>Texte: <strong>Max lebras<\/strong><\/p>\n\n\n\n<p>Chant a capella: <strong>Aline Janssens, Florence Laloy, Jean-Marc Delhausse, Pascale Sepulchre<\/strong><\/p>\n\n\n\n<p>Musique: <strong>Alexandre Dua <\/strong>et<strong> Anne Niepold<\/strong><\/p>\n\n\n\n<p>Costumes: <strong>Sandrine Clark<\/strong><\/p>\n","protected":false},"excerpt":{"rendered":"<p>Humble rem\u00e8de musical contre l&rsquo;abrutissement Une production du Collectif 1984 Pour ceux qui cherchent un \u00e9cho \u00e0 leur col\u00e8re quotidienne,Il est salutaire de l\u2019entendre se r\u00e9percuter dans des chansons. Pour ceux qui se voient funambules sur le fil de leur vie,Il est sain de contempler cette prouesse sur des cordes\u2026 vocales. Pour ceux qui se [&hellip;]<\/p>\n","protected":false},"author":1,"featured_media":0,"parent":0,"menu_order":0,"comment_status":"closed","ping_status":"closed","template":"","meta":{"_coblocks_attr":"","_coblocks_dimensions":"","_coblocks_responsive_height":"","_coblocks_accordion_ie_support":"","spay_email":""},"_links":{"self":[{"href":"https:\/\/sandrineclark.be\/index.php\/wp-json\/wp\/v2\/pages\/551"}],"collection":[{"href":"https:\/\/sandrineclark.be\/index.php\/wp-json\/wp\/v2\/pages"}],"about":[{"href":"https:\/\/sandrineclark.be\/index.php\/wp-json\/wp\/v2\/types\/page"}],"author":[{"embeddable":true,"href":"https:\/\/sandrineclark.be\/index.php\/wp-json\/wp\/v2\/users\/1"}],"replies":[{"embeddable":true,"href":"https:\/\/sandrineclark.be\/index.php\/wp-json\/wp\/v2\/comments?post=551"}],"version-history":[{"count":1,"href":"https:\/\/sandrineclark.be\/index.php\/wp-json\/wp\/v2\/pages\/551\/revisions"}],"predecessor-version":[{"id":562,"href":"https:\/\/sandrineclark.be\/index.php\/wp-json\/wp\/v2\/pages\/551\/revisions\/562"}],"wp:attachment":[{"href":"https:\/\/sandrineclark.be\/index.php\/wp-json\/wp\/v2\/media?parent=551"}],"curies":[{"name":"wp","href":"https:\/\/api.w.org\/{rel}","templated":true}]}}